n factor of n and 40.
10
Suppose -29 = -4*j - 3*b, -16 = -5*b - 1. What is the greatest common divisor of j and 5?
5
Let a be (-24)/6 + (-3)/(-1). Let x be -11*(0/(-3) + a). Calculate the highest common factor of 88 and x.
11
Suppose 4*z - 585 = -9*z. What is the greatest common factor of z and 9?
9
Suppose 455 = 6*w - w. Suppose 2*y + 70 = -2*p, 4*p = 3*y - 0*y + w. Let h be 4/10 + y/(-5). What is the highest common divisor of 49 and h?
7
Suppose 4*v - 1 - 1 = -r, 4*r + 5*v - 19 = 0. Suppose r*p - p - 65 = 0. What is the greatest common factor of p and 143?
13
Let a be (-1)/2 + (-1)/(-2). Suppose a*d - 3*d = -75. Calculate the highest common divisor of d and 5.
5
Let q = -13 - -69. Suppose -g = -5*g - 4*j + 32, -j + 22 = 3*g. What is the highest common factor of g and q?
7
Let d(b) be the second derivative of -2*b**3/3 - 3*b**2/2 + 3*b. Let z be d(-4). What is the highest common factor of 13 and z?
13
Suppose -4*v + 68 = -3*h - 93, 5*v - h - 193 = 0. What is the highest common factor of v and 57?
19
Let m(h) = -19*h + 2. Let c be m(-3). Suppose 5*j - 4*q - 262 = 0, 0*j + j - 3*q - c = 0. Let t = -35 + j. What is the highest common factor of 30 and t?
15
Let t(p) = 7*p**2 - 23*p + 26. Let i(s) = 3*s**2 - 11*s + 13. Let k(c) = 5*i(c) - 2*t(c). Let g be k(9). Calculate the highest common divisor of 26 and g.
13
Let c = 0 + -3. Let g be 4/(-2) - (-1 - 16). Let n be c/g - (-108)/15. What is the highest common factor of 35 and n?
7
Let i be 9/(-2)*-6 + -1. Let c(g) = 25*g - 14. Let p be c(12). Calculate the greatest common divisor of i and p.
26
Let d = 0 + 2. What is the greatest common factor of d and 2?
2
Suppose -3*p - 17*p + 500 = 0. Suppose 5*g - 20 = 30. What is the greatest common divisor of p and g?
5
Suppose -g + 2 + 78 = 0. Calculate the highest common divisor of 16 and g.
16
Suppose -4*d = 3*x - 147, -x - 20 = -2*d + 51. Calculate the highest common factor of 12 and d.
12
Let a be ((-8)/10)/(2/(-25)). Let i be a/(-2 - 5/(-2)). Suppose 5*k - i = -0*k. What is the highest common divisor of 10 and k?
2
Suppose -4*a - v - 15 = -3*a, 4*v - 24 = 3*a. Let t be 8/a + 664/6. Calculate the highest common factor of 22 and t.
22
Suppose 3*s = 2*s + 4. Let a(y) = 2*y**2 - s*y - y**2 + 0 + 2. Let d be a(4). Calculate the greatest common divisor of d and 2.
2
Suppose -143 = -t - 23. Let x be 3/18*3*t. What is the greatest common divisor of 12 and x?
12
Suppose o + 4*y = -8, -21 = -5*o + 3*y + 8. Suppose k = o*k - 3. Suppose n = k + 27. What is the highest common divisor of n and 7?
7
Suppose 3*x + 3*p - 25 + 1 = 0, 0 = -2*x - p + 14. Let r be 1*(1*148 + -2). Suppose 5*l - s = r - 27, -4*s = -4. What is the greatest common divisor of x and l?
6
Let s = 22 + -11. Calculate the highest common divisor of s and 88.
11
Let i(c) = -8 + 2*c - 3*c + 29. Let z be i(9). What is the greatest common divisor of z and 84?
12
Suppose 5 = -5*k, -4*n - 4 = -k - 1. Let m(w) = -16*w - 1. Let t be m(n). Calculate the greatest common divisor of t and 165.
15
Let z(m) = -m**2 + 6*m + 5. Let u be z(5). Suppose -o = -3*o - 6, 0 = 3*x + o - 327. What is the greatest common factor of x and u?
10
Let d be (-3)/(6 + -3)*14. Let c = 34 + d. What is the highest common divisor of 30 and c?
10
Let v be 17 - -9 - (2 - -2). Calculate the greatest common divisor of v and 176.
22
Let w be (-1082)/(-4) - 3/12*2. What is the greatest common divisor of w and 30?
30
Let n = 5 + 30. Suppose 0 = -4*o + 17 + n. Suppose -6*r + 3*r = -39. What is the greatest common factor of o and r?
13
Let a(i) = -25*i + 19. Let x be a(-6). Suppose 4*h - 2*w - 46 = 120, -4*h = -3*w - x. What is the highest common divisor of h and 5?
5
Suppose -2*w + 3 + 7 = -5*o, -2*w + 10 = -3*o. Suppose l + 4*l - 135 = 0. Suppose o = -2*v + 21 + l. Calculate the highest common factor of v and 12.
12
Let x be 222/4 - (-1)/2. Let l(c) = -c. Let h(z) = z**3 + 10*z**2 + 2*z + 12. Let s be h(-10). Let j be l(s). Calculate the greatest common divisor of x and j.
8
Let c(l) = l**3 + 11*l**2 - 7*l. Let n(i) = 2*i**3 + 10*i**2 - 7*i. Let y(b) = 3*c(b) - 2*n(b). Let u be y(12). Calculate the highest common factor of 15 and u.
15
Let a be (4/2 - -1) + -11. Let v = a - -5. Let o be v - -51*(3 + -2). What is the highest common factor of o and 16?
16
Let n be (-264)/(-15) - 2/(-5). Suppose 0 = -2*s + n + 2. Calculate the greatest common divisor of 110 and s.
10
Let s = 170 - 162. What is the highest common divisor of s and 10?
2
Let a = 8 + -4. Suppose 0*d + 12 = a*d. What is the highest common divisor of 30 and d?
3
Let j = -559 + 1105. Suppose -4*a + j = -102. Calculate the highest common factor of a and 18.
18
Let d be (2/6)/(6/342). Calculate the highest common factor of d and 19.
19
Let w(v) = -v**2 - 9*v + 10. Let j be w(-9). Suppose -j = -2*x + 54. Calculate the greatest common factor of 16 and x.
16
Let v(q) = 3*q**2 + 5*q - 5. Let x be v(5). Suppose x = 5*n + 5*u, 6*n = 3*n + u + 37. Calculate the highest common factor of n and 7.
7
Let k(s) = -s + 9. Let z be k(9). Let f be 158/2 + z + 2. Suppose 0 = 3*d - 5*t - 123, 2*d - t - 2*t = f. Calculate the greatest common factor of d and 4.
4
Let y = 324 + -204. Calculate the highest common factor of 12 and y.
12
Let s = 7 - 4. Let c(y) be the second derivative of -y**3/6 - 2*y**2 - 7*y. Let w be c(-5). Calculate the highest common factor of s and w.
1
Let u = 31 - 45. Let b = -7 - u. Suppose 4*q - 36 = 2*t, -q = t - 2*t - 11. Calculate the highest common divisor of q and b.
7
Let n = -70 - -102. Suppose 2*z = n - 10. Let a be (2 - 1)*(1 - 0). What is the highest common divisor of z and a?
1
Let s(f) = f**2 - 3*f - 12. Let i be s(-6). Calculate the greatest common divisor of i and 14.
14
Suppose -4*l - 2*y + 262 = 0, 2*l - 257 = -2*l + 3*y. Calculate the greatest common factor of l and 10.
5
Suppose 0 = x + 4*k - k - 29, 51 = 2*x - k. What is the greatest common divisor of 234 and x?
26
Let s = -544 + 214. Let u(h) = 24*h - 8. Let b be u(-7). Let d = b - s. Calculate the highest common divisor of 14 and d.
14
Let x(y) = 2*y**2 - 5*y + 3. Let i be x(4). Let h be (-1)/(i/(-18))*-490. Let g be ((-2)/(-4))/((-6)/h). What is the highest common divisor of 7 and g?
7
Suppose 110 + 289 = 3*b + f, 2*b = -4*f + 276. Calculate the greatest common factor of b and 12.
12
Let t(y) = y + 42*y**3 - 7 + 7. Let z be t(-1). Let l = -31 - z. Calculate the greatest common factor of 4 and l.
4
Let z = -34 + 58. Suppose -3*x - 4*g = -x + 12, -4*g - z = -4*x. Let v be 24/(-84) + (-256)/(-14). What is the highest common factor of v and x?
2
Suppose -5*c = 3*t - 18, 2 - 10 = 2*t. Let u be (c/2)/(2/10). Suppose -5*q + 80 = w, -3*w + 444 = 2*w + 3*q. Calculate the highest common factor of w and u.
15
Let a(n) = n**3 + 4*n**2 - 2*n - 1. Let w be a(2). What is the highest common divisor of 323 and w?
19
Suppose 4*t + 23 = 3. Let g(h) = -h - 3. Let b be g(t). Suppose b*j - 27 = -j. Calculate the greatest common divisor of j and 1.
1
Let h = -3 + 10. Suppose -2*z = -0*z + 14. Let w(p) = -3*p - 7. Let m be w(z). What is the highest common divisor of m and h?
7
Suppose -16*x + o = -13*x - 465, -4*x + 3*o = -615. What is the highest common divisor of x and 24?
12
Suppose -2 = 5*i + 33. Let v be -2*(1260/8)/i. What is the highest common factor of v and 5?
5
Let b(n) = -21*n - 1. Let v be b(-1). Suppose 0 = -2*l + 7*l - 150. What is the greatest common divisor of l and v?
10
Let r(w) = -w**2 + 2. Let y(v) = -v**3 + 3*v**2 + 9*v + 5. Let x be y(5). Let b be r(x). Calculate the highest common divisor of 5 and b.
1
Let p = 135 - 47. Let x(l) = l - 5. Let o be x(0). Let z be (-2)/5 + (-42)/o. Calculate the highest common divisor of z and p.
8
Let w be 1/(-1 - (-10)/8). Suppose -w*x = 3*s + 41, 0 = 5*x - 4*s + 1 + 58. Let d = x + 18. What is the highest common divisor of d and 1?
1
Suppose i + 20 = 3*i. Suppose -4*k - 116 = -7*k - 4*c, 3*c = 4*k - 188. Let b be (-1)/(-3) + k/3. Calculate the greatest common divisor of i and b.
5
Suppose 1 = -2*r - 1. Let g be 9/(r - (-2 - 0)). What is the greatest common factor of g and 3?
3
Let y be 91/7 - (-4 - -1). Calculate the highest common factor of 32 and y.
16
Suppose -q + 1 = -4. Suppose -2*s - 2*m - 65 = -q*s, -4*m = -3*s + 55. What is the greatest common factor of s and 5?
5
Le